{"id":1599,"date":"2025-01-12T10:23:07","date_gmt":"2025-01-12T09:23:07","guid":{"rendered":"http:\/\/localhost\/wordpress\/?page_id=1599"},"modified":"2025-10-23T09:13:03","modified_gmt":"2025-10-23T08:13:03","slug":"faq","status":"publish","type":"page","link":"https:\/\/virtuel.univ-bouira.dz\/bibfse\/?page_id=1599","title":{"rendered":"FAQ"},"content":{"rendered":"\t\t<div data-elementor-type=\"wp-page\" data-elementor-id=\"1599\" class=\"elementor elementor-1599\">\n\t\t\t\t<div class=\"elementor-element elementor-element-809115c e-flex e-con-boxed e-con e-parent\" data-id=\"809115c\" data-element_type=\"container\">\n\t\t\t\t\t<div class=\"e-con-inner\">\n\t\t\t\t<div class=\"elementor-element elementor-element-5e5dc3d elementor-widget elementor-widget-text-editor\" data-id=\"5e5dc3d\" data-element_type=\"widget\" data-widget_type=\"text-editor.default\">\n\t\t\t\t<div class=\"elementor-widget-container\">\n\t\t\t\t\t\t\t\t\t<h2 style=\"text-align: center;\"><span style=\"color: #000080;\"><font dir=\"auto\" style=\"vertical-align: inherit;\"><font dir=\"auto\" style=\"vertical-align: inherit;\">Foire Aux Questions&nbsp;<\/font><\/font><\/span><\/h2>\n<div class=\"faq-item mb-4\" style=\"text-align: center;\">\n<h3 class=\"font-semibold\"><span style=\"color: #000080;\"><font dir=\"auto\" style=\"vertical-align: inherit;\"><font dir=\"auto\" style=\"vertical-align: inherit;\">1. Qui peut acceder&nbsp; \u00e0 la biblioth\u00e8que ?<\/font><\/font><\/span><\/h3>\n<p><font dir=\"auto\" style=\"vertical-align: inherit;\"><font dir=\"auto\" style=\"vertical-align: inherit;\">Tous les \u00e9tudiants, enseignants et chercheurs de la Facult\u00e9 des Sciences Exactes peuvent acc\u00e9der \u00e0 la biblioth\u00e8que sur pr\u00e9sentation de leur carte universitaire.<\/font><\/font><\/p>\n<\/div>\n<div class=\"faq-item mb-4\" style=\"text-align: center;\">\n<h3 class=\"font-semibold\"><span style=\"color: #000080;\"><font dir=\"auto\" style=\"vertical-align: inherit;\"><font dir=\"auto\" style=\"vertical-align: inherit;\">2. Quels types de documents sont disponibles ?<\/font><\/font><\/span><\/h3>\n<p><font dir=\"auto\" style=\"vertical-align: inherit;\"><font dir=\"auto\" style=\"vertical-align: inherit;\">La biblioth\u00e8que propose des ouvrages imprim\u00e9s, des polycopi\u00e9s, des m\u00e9moires et th\u00e8ses, ainsi que des ressources num\u00e9riques via DSpace, PNST et PMB.<\/font><\/font><\/p>\n<\/div>\n<div class=\"faq-item mb-4\" style=\"text-align: center;\">\n<h3 class=\"font-semibold\"><span style=\"color: #000080;\"><font dir=\"auto\" style=\"vertical-align: inherit;\"><font dir=\"auto\" style=\"vertical-align: inherit;\">3. Comment puis-je emprunter un livre ?<\/font><\/font><\/span><\/h3>\n<p><font dir=\"auto\" style=\"vertical-align: inherit;\"><font dir=\"auto\" style=\"vertical-align: inherit;\">Une inscription \u00e0 la biblioth\u00e8que est n\u00e9cessaire pour emprunter. Une fois inscrit, vous pouvez emprunter selon les r\u00e8gles d\u00e9finies.<\/font><\/font><\/p>\n<\/div>\n<div class=\"faq-item mb-4\" style=\"text-align: center;\">\n<h3 class=\"font-semibold\"><span style=\"color: #000080;\"><font dir=\"auto\" style=\"vertical-align: inherit;\"><font dir=\"auto\" style=\"vertical-align: inherit;\">4. Est-ce que la biblioth\u00e8que offre un acc\u00e8s \u00e0 Internet ?<\/font><\/font><\/span><\/h3>\n<p><font dir=\"auto\" style=\"vertical-align: inherit;\"><font dir=\"auto\" style=\"vertical-align: inherit;\">Oui, un acc\u00e8s Wi-Fi gratuit est disponible dans les espaces de lecture et de travail.<\/font><\/font><\/p>\n<\/div>\n<div class=\"faq-item mb-4\" style=\"text-align: center;\">\n<h3 class=\"font-semibold\"><span style=\"color: #000080;\"><font dir=\"auto\" style=\"vertical-align: inherit;\"><font dir=\"auto\" style=\"vertical-align: inherit;\">5. Puis-je acc\u00e9der aux ressources num\u00e9riques depuis chez moi ?<\/font><\/font><\/span><\/h3>\n<p><font dir=\"auto\" style=\"vertical-align: inherit;\"><font dir=\"auto\" style=\"vertical-align: inherit;\">Oui, via les plateformes DSpace, PNST et le catalogue en ligne PMB.<\/font><\/font><\/p>\n<\/div>\n<div class=\"faq-item mb-4\" style=\"text-align: center;\">\n<h3 class=\"font-semibold\"><span style=\"color: #000080;\"><font dir=\"auto\" style=\"vertical-align: inherit;\"><font dir=\"auto\" style=\"vertical-align: inherit;\">6. Comment obtenir un quitus de biblioth\u00e8que ?<\/font><\/font><\/span><\/h3>\n<p><font dir=\"auto\" style=\"vertical-align: inherit;\"><font dir=\"auto\" style=\"vertical-align: inherit;\">Le quitus est d\u00e9livr\u00e9 apr\u00e8s restitution de tous les documents. Il est requis pour les transferts, retraits de dipl\u00f4me ou r\u00e9inscriptions.<\/font><\/font><\/p>\n<\/div>\n<div class=\"faq-item mb-4\" style=\"text-align: center;\">\n<h3 class=\"font-semibold\"><span style=\"color: #000080;\"><font dir=\"auto\" style=\"vertical-align: inherit;\"><font dir=\"auto\" style=\"vertical-align: inherit;\">7. Quels sont les horaires d&#8217;ouverture ?<\/font><\/font><\/span><\/h3>\n<p><font dir=\"auto\" style=\"vertical-align: inherit;\"><font dir=\"auto\" style=\"vertical-align: inherit;\">Du dimanche au jeudi, de 8h30 \u00e0 16h30 (horaires \u00e0 confirmer).<\/font><\/font><\/p>\n<\/div>\n<div class=\"faq-item mb-4\" style=\"text-align: center;\">\n<h3 class=\"font-semibold\"><span style=\"color: #000080;\"><font dir=\"auto\" style=\"vertical-align: inherit;\"><font dir=\"auto\" style=\"vertical-align: inherit;\">8. Y a-t-il un espace pour travailler en groupe ?<\/font><\/font><\/span><\/h3>\n<p><font dir=\"auto\" style=\"vertical-align: inherit;\"><font dir=\"auto\" style=\"vertical-align: inherit;\">Oui, des espaces de travail collaboratif sont disponibles.<\/font><\/font><\/p>\n<\/div>\n<div class=\"faq-item mb-4\" style=\"text-align: center;\">\n<h3 class=\"font-semibold\"><span style=\"color: #000080;\"><font dir=\"auto\" style=\"vertical-align: inherit;\"><font dir=\"auto\" style=\"vertical-align: inherit;\">9. Comment puis-je m&#8217;inscrire \u00e0 la biblioth\u00e8que ?<\/font><\/font><\/span><\/h3>\n<p><font dir=\"auto\" style=\"vertical-align: inherit;\"><font dir=\"auto\" style=\"vertical-align: inherit;\">Inscription sur place avec une carte d&#8217;identit\u00e9 et une carte universitaire.<\/font><\/font><\/p>\n<\/div>\n<div class=\"faq-item mb-4\">\n<h3 class=\"font-semibold\" style=\"text-align: center;\"><span style=\"color: #000080;\"><font dir=\"auto\" style=\"vertical-align: inherit;\"><font dir=\"auto\" style=\"vertical-align: inherit;\">10. Est-ce que la biblioth\u00e8que accepte les dons de livres ?<\/font><\/font><\/span><\/h3>\n<p style=\"text-align: center;\"><font dir=\"auto\" style=\"vertical-align: inherit;\"><font dir=\"auto\" style=\"vertical-align: inherit;\">Oui, sous r\u00e9serve de validation par l&#8217;\u00e9quipe de gestion documentaire.<\/font><\/font><\/p>\n<\/div>\t\t\t\t\t\t\t\t<\/div>\n\t\t\t\t<\/div>\n\t\t\t\t\t<\/div>\n\t\t\t\t<\/div>\n\t\t\t\t<\/div>\n\t\t","protected":false},"excerpt":{"rendered":"<p>Foire Aux Questions&nbsp; 1. Qui peut acceder&nbsp; \u00e0 la biblioth\u00e8que ? Tous les \u00e9tudiants, enseignants et chercheurs de la Facult\u00e9 des Sciences Exactes peuvent acc\u00e9der \u00e0 la biblioth\u00e8que sur pr\u00e9sentation de leur carte universitaire. 2. Quels types de documents sont disponibles ? La biblioth\u00e8que propose des ouvrages imprim\u00e9s, des polycopi\u00e9s, des m\u00e9moires et th\u00e8ses, ainsi [&hellip;]<\/p>\n","protected":false},"author":1,"featured_media":0,"parent":0,"menu_order":0,"comment_status":"closed","ping_status":"closed","template":"","meta":{"_eb_attr":"","footnotes":""},"class_list":["post-1599","page","type-page","status-publish","hentry","entry"],"_links":{"self":[{"href":"https:\/\/virtuel.univ-bouira.dz\/bibfse\/index.php?rest_route=\/wp\/v2\/pages\/1599","targetHints":{"allow":["GET"]}}],"collection":[{"href":"https:\/\/virtuel.univ-bouira.dz\/bibfse\/index.php?rest_route=\/wp\/v2\/pages"}],"about":[{"href":"https:\/\/virtuel.univ-bouira.dz\/bibfse\/index.php?rest_route=\/wp\/v2\/types\/page"}],"author":[{"embeddable":true,"href":"https:\/\/virtuel.univ-bouira.dz\/bibfse\/index.php?rest_route=\/wp\/v2\/users\/1"}],"replies":[{"embeddable":true,"href":"https:\/\/virtuel.univ-bouira.dz\/bibfse\/index.php?rest_route=%2Fwp%2Fv2%2Fcomments&post=1599"}],"version-history":[{"count":63,"href":"https:\/\/virtuel.univ-bouira.dz\/bibfse\/index.php?rest_route=\/wp\/v2\/pages\/1599\/revisions"}],"predecessor-version":[{"id":3159,"href":"https:\/\/virtuel.univ-bouira.dz\/bibfse\/index.php?rest_route=\/wp\/v2\/pages\/1599\/revisions\/3159"}],"wp:attachment":[{"href":"https:\/\/virtuel.univ-bouira.dz\/bibfse\/index.php?rest_route=%2Fwp%2Fv2%2Fmedia&parent=1599"}],"curies":[{"name":"wp","href":"https:\/\/api.w.org\/{rel}","templated":true}]}}